t is -18 - -1 - (3 + -36 - -27)?
-11
What is the value of (0 - 15) + (24 - (-26 - -36))?
-1
What is 1 + -1 + (-10 - (-2 + 3 - 4))?
-7
Evaluate (254 + -253 - (1 - -1)) + -13.
-14
0 - (16 - (6 + -5) - 12)
-3
Evaluate (-38 - -27) + -8 - (11 - 1).
-29
Evaluate (1 - 0) + 16 + -14 + -4 - 5.
-6
What is -1 + -1 + 20 + -8 + 9 + -32?
-13
Evaluate -11 - (-9 - (6 - 1)).
3
What is the value of -2 + -6 + (-5 - (5 + -3 - 15))?
0
Calculate 19 + -16 + 8 + -5 + 3 + 4.
13
Calculate -1 - (9 + -5) - (4 + 6).
-15
Evaluate -23 + (25 - -26) - 14.
14
(-32 - 1) + -6 + 25 + 15 + -23
-22
What is (-17 - -23) + -5 + -24 + 3 + 1?
-19
What is the value of 6 + -6 - (-5 - (-7 + (6 - 8)))?
-4
(-4 - 5) + (-3 - 8 - -20)
0
Evaluate (6 - -18 - 19) + (0 - 2).
3
85 - 71 - (40 + 2 - 0)
-28
What is the value of 36 - (46 + -21 + 22)?
-11
2 + 2 - -11 - 17
-2
What is 18 + 6 - (18 + -21 - (1 + -8))?
20
What is 3 - (-7 + (-1 - -7 - 6))?
10
-613 + 604 - (1 + (1 - (2 + 0)))
-9
Evaluate (41 + -39 - -26) + (-7 - (1 + -2)).
22
What is -12 + -43 + 19 + (7 - 11)?
-40
What is -20 + (9 - -5) - 1?
-7
What is -53 + 45 - (1 - (3 + -1))?
-7
Calculate -10 - -31 - (45 - 28).
4
What is the value of -27 + (1 + 6 - (2 - (33 - 41)))?
-30
What is the value of 22 + 14 - 0 - 22?
14
What is the value of (1320 - 1331) + 19 + 1?
9
Calculate 44 + -51 - (2 + (0 - 2)).
-7
What is -90 + 83 + -2 + 21 + 1?
13
What is (0 - 12) + -16 + 36?
8
What is (8 - 13) + -10 + 8 + 38?
31
What is the value of 13 - ((23 - -10) + -22)?
2
Evaluate 1 + (-12 - -2) - (11 + -9) - 0.
-11
Evaluate -4 - (-3 - (12 - 1 - 2)).
8
What is the value of 7 + (4 - 3) - (-21 + 11 - -12)?
6
What is the value of -11 + -6 - (9 + (-7 - 8))?
-11
Evaluate (-1 - -12) + -179 + 166.
-2
What is the value of (30 + -23 - 9) + 0 + 14?
12
Evaluate -16 + -10 - -71 - 25.
20
Evaluate -2 + -12 - (-24 - (-17 - -20)).
13
What is the value of 12 - 0 - (26 + 15 + -28)?
-1
Calculate 21 + (0 - (19 - (12 - 5))).
9
Calculate (-15 - (-23 - -14)) + -4 + (-3 - -8).
-5
Evaluate 0 + (-1 - 7) + 10 + -20.
-18
What is the value of (-8 - -1) + (3 - 19 - 1)?
-24
Calculate (-4 - -4 - -2) + (7 - (1 + 4)).
4
What is the value of -8 + 12 + -17 + 23 + 0?
10
Evaluate -7 + (24 - (2 + 10)).
5
-59 + 28 - (-9 - (3 - 3))
-22
Evaluate -15 - (-10 - (11 - 33) - 3).
-24
What is 9 - (-3 + 7 + -14 + 19) - -6?
6
Calculate 60 - (58 - 1) - ((1 - 1) + 6).
-3
14 - (-11 - (-6 + 4) - -11)
12
What is the value of 6 + 7 - (-14 + 8 + -7)?
26
What is -3 - (-5 + (6 - -2) + -9)?
3
(0 - -4) + (107 - 151)
-40
30 + -18 + -23 + 35 + -1 + 9
32
Calculate 19 + -1 - (-156 + 168).
6
Calculate -581 + 627 + (-24 - 0).
22
(-3 + 9 - 9) + -38 + -3 + 12
-32
Evaluate -35 - (-8 + -2 + -17).
-8
What is -18 - (-20 - (-25 + 5))?
-18
What is -8 + 10 + -1 + (1 - 11) - -1?
-8
What is the value of -5 + -4 - (10 + -19)?
0
Evaluate (1 - (-2 - -2)) + 43 + -44 + -2.
-2
3 - 15 - 15 - -14 - -10
-3
18 - (-4 + 14) - 16 - -12
4
Evaluate -19 + 0 + 14 + (-12 - -6).
-11
-4 - ((-5 - -8 - 23 - -2) + -10)
24
What is -15 - (-10 + 43 - 60)?
12
Calculate 72 + -87 - (-1 - 2).
-12
(-2 + 3 - 7) + -74 + 85 + 6
11
What is (5 - -4 - -4 - 5) + 10?
18
-12 + 15 + (2 - (-2 + (0 - -8)))
-1
What is -16 + (16 - (28 - 12)) - -13?
-3
What is (-45 + 44 - 47) + 52?
4
Calculate 7 + 0 - ((-72 - -25) + 35).
19
Evaluate 9 + -2 + 0 + 1 + (359 - 368).
-1
Calculate (-20 - -30) + -19 + 10.
1
What is the value of 11 + (1 - 12) + -10 - -26?
16
Calculate -3 + -17 + 6 - -18.
4
What is -1 - 8 - (11 - 25 - -12) - -3?
-4
Calculate 4 + -1 - ((-43 - -19) + 24) - 14.
-11
Calculate -7 + 1 + (-14 - 20) + 42.
2
What is the value of (0 - -11 - 12) + -3 + 2 + 6?
4
Evaluate 3 + -7 - (3 + -3 + 6).
-10
9 + -12 + (15 - -6) + -5
13
What is (40 + -36 - 5) + -2 + -14 + -1?
-18
Calculate -7 - (17 - 7 - 14).
-3
Calculate 9 + -11 - (-4 + 0 - (11 + -16)).
-3
What is (0 - -6) + (5 + -19 - -30 - 5)?
17
What is 32 + (29 - 91) - -47?
17
Evaluate 1 + -28 + 68 + -17.
24
34 + -4 + (13 - (47 + -27))
23
What is the value of -10 - -2 - 7 - -3 - -32?
20
Calculate 3 + 2 + (-13 - 0).
-8
What is the value of 1 + -4 + -1 + 47 + -29 + -8?
6
What is the value of (18 - 28 - (-4 + -2)) + 5?
1
Evaluate -1 + -18 + 7 + (-10 - -21).
-1
What is the value of -13 + (-44 - -50) + -1 + 12?
4
Calculate -5 - 7 - (-24 - -22).
-10
Calculate -23 + 2 + (5 - -5).
-11
34 + -2 - 18 - 7
7
What is -1 - (-16 - -10) - (-6 + 0)?
11
(-2 - -5 - (14 + 6 + -12)) + 9
4
Calculate 13 - (-12 + (-8 - -16)).
17
Evaluate -12 - ((7 - -16) + -18).
-17
Evaluate 4 + -2 + (-3 + 0 + 7 - 7).
-1
What is the value of 11 + (72 - 81) + (-1 - -13)?
14
What is 9 + -5 + 1 + -2 + -5 + 1?
-1
Evaluate -24 + (10 - (18 - (-15 + 6))).
-41
19 + (18 - 19) + (5 - 1)
22
What is -38 + (20 - 14) + 15?
-17
What is the value of -8 - ((0 - 3) + 5 - -4)?
-14
Calculate 16 + (-18 - 8) + 3.
-7
What is 16 + -10 - (-14 + 6 + 14)?
0
Calculate -3 + -3 + (21 + -13 - 1).
1
Evaluate -6 + 1 + -3 + (14 - (14 + 1)).
-9
Calculate -4 + 4 + -2 + -6 + 0 + -3.
-11
Evaluate -14 + (4 - -11 - -10).
11
Evaluate (-11 - 2) + -147 + 148.
-12
Evaluate -7 - 24 - (34 - 45).
-20
Evaluate 11 - (-7 + (6 - (-6 + 10)) - -4).
12
Calculate -5 - (-6 + (-1 + 2 - 11) - -4).
7
What is 5 + -14 + -4 + 1 + 1?
-11
What is the value of (-9 - -4) + 0 + 2?
-3
Evaluate -34 + (36 + -48 - -42).
-4
Calculate (17 - 5) + -17 + 13.
8
Evaluate 31 + (37 - (37 + 9)).
22
What is the value of 2 + 5 + (-4 - 4) - 4?
-5
What is 13 + (19 + -87 - -27)?
-28
Evaluate -20 + (28 + 5 - 34).
-21
What is (11 - (-21 - -38)) + 6?
0
Evaluate -10 + -20 + (19 - 8).
-19
What is the value of 9 + -2 + -5 + (-15 - -14)?
1
2 + -2 + 102 + -99
3
What is 3 + (-1 - 1) - -2 - (-86 + 104)?
-15
What is 6 + (32 - 9) - 22?
7
Calculate -23 + -1 - (-68 + 64) - (0 + -2).
-18
What is the value of 0 - ((-36 - -43) + 11 + -1)?
-17
(1 - (6 + -6)) + -9 + -3 - -5
-6
What is 1 + -14 + 9 + (-3 - (-1 + 1))?
-7
What is (13 - 0) + (-5 - (19 + -11 + -7))?
7
-8 - (1 + 1 + (2 - (5 - 2)))
-9
Evaluate 3 + -1 - (-47 + 1 - -21) - -3.
30
Evaluate (0 - 1) + 19 + 1 + 77 + -70.
26
Evaluate 10 - (32 - 13) - 6.
-15
Evaluate (1 - (2 + -6) - 0) + -4 + 11.
12
Evaluate (44 + -31 - (10 - (0 - -1))) + -4.
0
Calculate 7 + 17 + (-15 - (3 + -10)).
16
Calculate 9 + -6 + (0 - 7 - -4) + -3.
-3
Evaluate 8 - (3 + 0 + (0 - 1)).
6
Evaluate 22 + (-17 - 27) - -38.
16
-19 - (48 + -22) - -21
-24
Evaluate 12 + -2 + -1 + 4 + 0 + 0.
13
(47 - 3) + -25 - 37
-18
What is -12 + 28 + -15 + -5 + -4?
-8
What is -27 - (-44 - (-17 + 6))?
6
What is the value of 1 + -2 + (-5 + (-6 - -2) - -5)?
-5
What is -21 + 12 + (3 - -1 - 20)?
-25
Evaluate -7 - -13 - (0 + -1 + 2 + 21).
-16
Evaluate 188 + -204 + 0 + 20.
4
What is 17 + -40 + -3 + 9?
-17
What is (-8 - (-3 - 9)) + 3 - (-4 + 6)?
5
Calculate (59 - 66) + 9 + 2.
4
What is 6 + 6 + -26 + (1 - -8)?
-5
Calculate -15 - (-1 + 7 - 27).
6
What is the value of 8 + 0 + (-3 - -2) + -2?
5
What is 0 + -16 - (9 - (-4 + 5))?
-24
What is 1 + 13 + -10 + 31 + -6 + -13?
16
Calculate -84 - -48 - -32 - (5 + 1).
-10
-3 - (0 + 16 + -4 + -3)
-12
Evaluate (16 - (0 - 0)) + -49 + 34.
1
What is 2 - (29 + (-45 - -37))?
-19
(-31 - -16 - 1) + 0
-16
Calculate -7 - ((1 - 1) + -22 - (-75 - -81)).
21
What is (2 - (-7 + 14)) + (2 - -3) + 4?
4
5 + -20 + 5 + 11
1
(8 - (-10 + 25)) + 8
1
Evaluate -20 + 3 + 3 + 1.
-13
What is -12 - 5 - (-26 - 0)?
9
What is the value of 9 + (16 + -18 + -5 - (3 - 1))?
0
Calculate -8 + (-1 + (-1 - -8) - 3) - -18.
13
Evaluate 3 + (3 + -2 - -11) + -23.
-8
(-12 - -1) + -17 + 36 + -16
-8
Calculate (0 - 1) + (-4 - 3 - 0 - -15).
7
What is the value of (2 - -5) + (6 - 10) + (3 - 2)?
4
Calculate (-17 - -19) + -11 + 7.
-2
What is the value of -27 - -25 - (-2 + 0)?
0
What is the value of 10 - 0 - (9 - (-18 - -27))?
10
Calculate 10 + -16 + -2 + 8.
0
What is -18 - (-5 + (11 - -2) + -21)?
-5
57 + 15 + (33 - 72)
33
What is the value of -5 - -1 - (-1 - -17 - (23 - 15))?
-12
What is 17 + -26 + 14 - 14?
-9
What is -10 - ((-15 - -8) + -13)?
10
Calculate -7 + -1 + -9 + 26 - (0 - 4).
13
-5 + -1 + -1 + 13 - (2 - -3)
1
Evaluate -2 + (-6 - -4 - -10) + 2.
8
Calculate (12 - (1 + -6 + 7 + 3)) + -5.
2
Calculate -12 - ((0 - -1) + -29 + 31).
-15
What is the value of 5 - (8 - 33) - 20?
10
Calculate 4 + -4 + (6 - (7 - -1)) + 1.
-1
What is the value of 17 - ((-8 - (-11 - -5)) + -5 + 11)?
13
Calculate -9 + (-10 - (-7 + 4)) - (0 + -